{"id":28665,"date":"2023-06-05T13:28:40","date_gmt":"2023-06-05T13:28:40","guid":{"rendered":"https:\/\/eadbentoquirino.com.br\/ead\/?post_type=product&#038;p=28665"},"modified":"2026-04-09T20:30:21","modified_gmt":"2026-04-09T20:30:21","slug":"transacoes-imobiliaria","status":"publish","type":"product","link":"https:\/\/eadbentoquirino.com.br\/ead\/produto\/transacoes-imobiliaria\/","title":{"rendered":"Transa\u00e7\u00f5es Imobili\u00e1ria (Corretor CRECI)"},"content":{"rendered":"<p><strong>\ud83d\udd53 DURA\u00c7\u00c3O DO CURSO: 12 a 18 MESES<\/strong><\/p>\n<p><strong>DESCRI\u00c7\u00c3O:<\/strong><\/p>\n<p>O curso tem como objetivo capacitar o profissional para:\u00a0 planejar, executar, controlar e avaliar as a\u00e7\u00f5es de compra, venda e loca\u00e7\u00e3o de im\u00f3veis. Promover o desenvolvimento do aluno por meio de a\u00e7\u00f5es que articulem e mobilizem conhecimentos, habilidades, valores e atitudes de forma potencialmente criativa. Incentivar a pesquisa como princ\u00edpio pedag\u00f3gico e para consolida\u00e7\u00e3o do dom\u00ednio t\u00e9cnico cientifico, utilizando recursos did\u00e1ticos e bibliogr\u00e1ficos. Executar registro e transfer\u00eancia de im\u00f3veis junto aos \u00f3rg\u00e3os competentes. Acompanhar a movimenta\u00e7\u00e3o do mercado imobili\u00e1rio. Interpretar a legisla\u00e7\u00e3o que regulamenta as atividades imobili\u00e1rias. Aplicar t\u00e9cnicas de negocia\u00e7\u00e3o e de trabalho em equipe fundamentadas nos padr\u00f5es \u00e9ticos e na comunidade interativa.<\/p>\n<p><strong>MERCADO DE TRABALHO:<\/strong><\/p>\n<p>\u00c9 uma profiss\u00e3o reconhecida pela Lei federal N\u00b0 6.530\/78, cujo exerc\u00edcio profissional tem como base fiscalizadora os Conselhos Regionais de Corretores de Im\u00f3veis \u2013 CRECI. \u00c9 amplo e diversificado o mercado de trabalho do T\u00e9cnico em Transa\u00e7\u00e3o Imobili\u00e1rias \u2013 ou corretor de im\u00f3veis. Voc\u00ea poder\u00e1 atuar em:<br \/>\n\u00c1reas de marketing, treinamento de vendas;<br \/>\nLoca\u00e7\u00e3o, compra e venda de bens im\u00f3veis;<br \/>\nAdministra\u00e7\u00e3o de bens im\u00f3veis;<br \/>\nLan\u00e7amento de empreendimentos imobili\u00e1rios, venda de im\u00f3veis, loteamentos, \u00e1reas rurais e incorpora\u00e7\u00e3o imobili\u00e1ria;<br \/>\nComo profissional liberal que pode atuar como empres\u00e1rio, como assalariado ou aut\u00f4nomo e tamb\u00e9m atrav\u00e9s de parceria com outros colegas ou empresas.<\/p>\n<h4>DOCUMENTA\u00c7\u00c3O PARA MATR\u00cdCULA<\/h4>\n<p>Comprovante de bolsa (documento onde consta a porcentagem de bolsa obtida pela participa\u00e7\u00e3o no processo seletivo)<\/p>\n<p>1 C\u00f3pia do hist\u00f3rico escolar do 2\u00ba Grau<br \/>\n(documento necess\u00e1rio para efetuar a matricula)<br \/>\n1 C\u00f3pia do RG (documento necess\u00e1rio para efetuar a matricula)<br \/>\n1 Foto 3\/4<br \/>\n1 C\u00f3pia da certid\u00e3o de nascimento ou casamento<br \/>\n1 C\u00f3pia do CPF<br \/>\n1 C\u00f3pia do Comprovante de Resid\u00eancia (lado do endere\u00e7o)<\/p>\n<p>SEM A DOCUMENTA\u00c7\u00c3O ACIMA N\u00c3O SER\u00c1 POSS\u00cdVEL EFETUAR A MATR\u00cdCULA.<\/p>\n<p><strong>ATEN\u00c7\u00c3O:<\/strong><\/p>\n<p><strong>PARA MENORES DE IDADE O RESPONS\u00c1VEL DEVER\u00c1 ENVIAR UMA C\u00d3PIA DO RG E CPF PARA EFETUAR A MATR\u00cdCULA<\/strong><\/p>\n<h2><strong> Envio dos Documentos: secretaria@bentoquirino.com.br<\/strong><\/h2>\n<p><strong>*o reajuste da mensalidade \u00e9 anualmente no momento da rematr\u00edcula do ALUNO <\/strong><strong>.<\/strong><\/p>\n","protected":false},"excerpt":{"rendered":"<p>\ud83d\udc46\ud83d\udc46\ud83d\udc46\ud83d\udc46<strong>DESCONTO PROMOCIONAL ESPECIAL NA\u00a0 MATR\u00cdCULA<\/strong> \ud83d\udc46\ud83d\udc46\ud83d\udc46\ud83d\udc46<\/p>\n<h2>\ud83d\udcc5 In\u00edcio imediato: turmas todos os meses<br data-start=\"262\" data-end=\"265\" \/>\ud83c\udf93 Estude no tradicional Bento Quirino<\/h2>\n<p><strong>OBS: N\u00c3O ACUMULATIVO COM OUTROS DESCONTOS. VALOR BRUTO DA MENSALIDADE\u00a0 R$1.721,84.<\/strong><\/p>\n<p> <a class=\"more-link\" href=\"https:\/\/eadbentoquirino.com.br\/ead\/produto\/transacoes-imobiliaria\/\">Leia mais<\/a><\/p>","protected":false},"featured_media":40590,"comment_status":"closed","ping_status":"closed","template":"","meta":{"jetpack_publicize_message":"","jetpack_publicize_feature_enabled":true,"jetpack_social_post_already_shared":true,"jetpack_social_options":{"image_generator_settings":{"template":"highway","enabled":false}}},"product_cat":[177],"product_tag":[],"class_list":{"0":"post-28665","1":"product","2":"type-product","3":"status-publish","4":"has-post-thumbnail","6":"product_cat-ead","8":"first","9":"instock","10":"sale","11":"sold-individually","12":"shipping-taxable","13":"purchasable","14":"product-type-variable"},"jetpack_publicize_connections":[],"jetpack_sharing_enabled":true,"_links":{"self":[{"href":"https:\/\/eadbentoquirino.com.br\/ead\/wp-json\/wp\/v2\/product\/28665","targetHints":{"allow":["GET"]}}],"collection":[{"href":"https:\/\/eadbentoquirino.com.br\/ead\/wp-json\/wp\/v2\/product"}],"about":[{"href":"https:\/\/eadbentoquirino.com.br\/ead\/wp-json\/wp\/v2\/types\/product"}],"replies":[{"embeddable":true,"href":"https:\/\/eadbentoquirino.com.br\/ead\/wp-json\/wp\/v2\/comments?post=28665"}],"wp:featuredmedia":[{"embeddable":true,"href":"https:\/\/eadbentoquirino.com.br\/ead\/wp-json\/wp\/v2\/media\/40590"}],"wp:attachment":[{"href":"https:\/\/eadbentoquirino.com.br\/ead\/wp-json\/wp\/v2\/media?parent=28665"}],"wp:term":[{"taxonomy":"product_cat","embeddable":true,"href":"https:\/\/eadbentoquirino.com.br\/ead\/wp-json\/wp\/v2\/product_cat?post=28665"},{"taxonomy":"product_tag","embeddable":true,"href":"https:\/\/eadbentoquirino.com.br\/ead\/wp-json\/wp\/v2\/product_tag?post=28665"}],"curies":[{"name":"wp","href":"https:\/\/api.w.org\/{rel}","templated":true}]}}