{"id":28427,"date":"2023-04-04T14:49:10","date_gmt":"2023-04-04T14:49:10","guid":{"rendered":"https:\/\/eadbentoquirino.com.br\/ead\/?post_type=product&#038;p=28427"},"modified":"2023-04-06T19:16:31","modified_gmt":"2023-04-06T19:16:31","slug":"concurso-jovem-aprendiz","status":"publish","type":"product","link":"https:\/\/eadbentoquirino.com.br\/ead\/produto\/concurso-jovem-aprendiz\/","title":{"rendered":"Curso T\u00e9cnico Concurso Jovem Aprendiz"},"content":{"rendered":"<h4>DOCUMENTA\u00c7\u00c3O PARA MATR\u00cdCULA<\/h4>\n<p>Comprovante de bolsa (documento onde consta a porcentagem de bolsa obtida pela participa\u00e7\u00e3o no processo seletivo)<\/p>\n<p>1 C\u00f3pia do hist\u00f3rico escolar do 2\u00ba Grau<br \/>\n(documento necess\u00e1rio para efetuar a matr\u00cdcula)<br \/>\n1 C\u00f3pia\u00a0 do RG (documento necess\u00e1rio para efetuar a matr\u00cdcula)<br \/>\n1 Foto 3\/4<br \/>\n1 C\u00f3pia da certid\u00e3o de nascimento ou casamento<br \/>\n1 C\u00f3pia do CPF<br \/>\n1 C\u00f3pia do Comprovante de Resid\u00eancia (lado do endere\u00e7o)<\/p>\n<p>SEM A DOCUMENTA\u00c7\u00c3O ACIMA N\u00c3O SER\u00c1 POSS\u00cdVEL EFETUAR A MATR\u00cdCULA.<\/p>\n<p>&nbsp;<\/p>\n<ul>\n<li><strong><img decoding=\"async\" class=\"wp-image-16783 alignnone\" src=\"https:\/\/eadbentoquirino.com.br\/ead\/wp-content\/uploads\/2020\/11\/Certificacao-300x259.png\" alt=\"\" width=\"78\" height=\"67\" data-wp-editing=\"1\" srcset=\"https:\/\/eadbentoquirino.com.br\/ead\/wp-content\/uploads\/2020\/11\/Certificacao-300x259.png 300w, https:\/\/eadbentoquirino.com.br\/ead\/wp-content\/uploads\/2020\/11\/Certificacao.png 523w\" sizes=\"(max-width: 78px) 100vw, 78px\" \/>CERTIFICADO:<\/strong><\/li>\n<\/ul>\n<p>Ao concluir o curso T\u00e9cnico em Administra\u00e7\u00e3o ou T\u00e9cnico em Log\u00edstica ou T\u00e9cnico em Inform\u00e1tica do Bento Quirino, al\u00e9m do Diploma de uma escola de tradi\u00e7\u00e3o, ter\u00e1 uma melhor remunera\u00e7\u00e3o, mais oportunidades e compet\u00eancia para gerir seu pr\u00f3prio neg\u00f3cio est\u00e3o esperando por voc\u00ea.<\/p>\n<ul>\n<li><strong>QUEM SOMOS<\/strong><\/li>\n<\/ul>\n<p>O BENTO QUIRINO Online \u00e9 resultado da uni\u00e3o entre a solidez acad\u00eamica de um dos melhores Col\u00e9gio T\u00e9cnico privados do Brasil\u00a0 e a Faculdade IPEP . A parceria viabilizou um modelo pioneiro de educa\u00e7\u00e3o continuada no Brasil que combina a tradi\u00e7\u00e3o de um Col\u00e9gio T\u00e9cnico de 110 anos\u00a0 e com uma Faculdade que conta com a experi\u00eancia de professores e metodologia \u00fanica para melhor qualificar seu aluno no mercado.<\/p>\n<p>Localizada em S\u00e3o Paulo e\u00a0 Campinas, O Col\u00e9gio Polit\u00e9cnico Bento Quirino, ao longo de uma trajet\u00f3ria de mais de 110 anos, \u00e9 reconhecida como um col\u00e9gio inovador,\u00a0 sendo terceiro Col\u00e9gio T\u00e9cnico do Brasil Fundado em 1910, e destaca-se por oferecer um dos portf\u00f3lios mais completos de\u00a0 cursos t\u00e9cnico e agora lan\u00e7a uma das maiores plataforma de\u00a0 educa\u00e7\u00e3o continuada do Brasil..<\/p>\n<p>TODOS OS NOSSOS CURSOS RECONHECIDOS PELO CONSELHO ESTADUAL DE EDUCA\u00c7\u00c3O DE S\u00c3O PAULO.<\/p>\n","protected":false},"excerpt":{"rendered":"<p>\ud83d\udc46\ud83d\udc46\ud83d\udc46\ud83d\udc46Valor do Curso\u00a0\ud83d\udc46\ud83d\udc46\ud83d\udc46\ud83d\udc46<\/p>\n<p><strong>CURSO T\u00c9CNICO Escolhido<\/strong><\/p>\n<p>VENHA FAZER PARTE DO <strong>BENTO QUIRINO.<\/strong><\/p>\n<p><strong>Para beneficiados do Concurso de Bolsa Aprendiz Bento Quirino s\u00f3 colocar o Cupom para ter desconto de at\u00e9 100%<\/strong><\/p>\n<p> <a class=\"more-link\" href=\"https:\/\/eadbentoquirino.com.br\/ead\/produto\/concurso-jovem-aprendiz\/\">Leia mais<\/a><\/p>","protected":false},"featured_media":28424,"comment_status":"closed","ping_status":"closed","template":"","meta":{"jetpack_publicize_message":"","jetpack_publicize_feature_enabled":true,"jetpack_social_post_already_shared":true,"jetpack_social_options":{"image_generator_settings":{"template":"highway","enabled":false}}},"product_cat":[197],"product_tag":[],"class_list":{"0":"post-28427","1":"product","2":"type-product","3":"status-publish","4":"has-post-thumbnail","6":"product_cat-aprendiz-bento-quirino","8":"first","9":"instock","10":"sold-individually","11":"shipping-taxable","12":"purchasable","13":"product-type-variable","14":"has-default-attributes"},"jetpack_publicize_connections":[],"jetpack_sharing_enabled":true,"_links":{"self":[{"href":"https:\/\/eadbentoquirino.com.br\/ead\/wp-json\/wp\/v2\/product\/28427","targetHints":{"allow":["GET"]}}],"collection":[{"href":"https:\/\/eadbentoquirino.com.br\/ead\/wp-json\/wp\/v2\/product"}],"about":[{"href":"https:\/\/eadbentoquirino.com.br\/ead\/wp-json\/wp\/v2\/types\/product"}],"replies":[{"embeddable":true,"href":"https:\/\/eadbentoquirino.com.br\/ead\/wp-json\/wp\/v2\/comments?post=28427"}],"wp:featuredmedia":[{"embeddable":true,"href":"https:\/\/eadbentoquirino.com.br\/ead\/wp-json\/wp\/v2\/media\/28424"}],"wp:attachment":[{"href":"https:\/\/eadbentoquirino.com.br\/ead\/wp-json\/wp\/v2\/media?parent=28427"}],"wp:term":[{"taxonomy":"product_cat","embeddable":true,"href":"https:\/\/eadbentoquirino.com.br\/ead\/wp-json\/wp\/v2\/product_cat?post=28427"},{"taxonomy":"product_tag","embeddable":true,"href":"https:\/\/eadbentoquirino.com.br\/ead\/wp-json\/wp\/v2\/product_tag?post=28427"}],"curies":[{"name":"wp","href":"https:\/\/api.w.org\/{rel}","templated":true}]}}