{"id":18684,"date":"2021-07-13T18:53:05","date_gmt":"2021-07-13T18:53:05","guid":{"rendered":"https:\/\/eadbentoquirino.com.br\/ead\/?post_type=product&#038;p=18684"},"modified":"2025-12-23T16:04:44","modified_gmt":"2025-12-23T16:04:44","slug":"rematricula-3o-modulo-enfermagem","status":"publish","type":"product","link":"https:\/\/eadbentoquirino.com.br\/ead\/produto\/rematricula-3o-modulo-enfermagem\/","title":{"rendered":"Rematr\u00edcula 3\u00ba M\u00f3dulo Enfermagem"},"content":{"rendered":"<p>Enquanto permanecer em vigor as normas legais sobre a necessidade de isolamento social, por conta da pandemia que atravessamos, todo nosso conte\u00fado \u00e9 ministrado por v\u00eddeos-aulas, ao vivo, apoiadas por nossa plataforma, acess\u00edvel pelos meios digitais (celulares, tablets, micros, etc), bastando ter dispon\u00edvel sinal de internet. Esta metologia exitosa foi implantada com sucesso pelo Col\u00e9gio T\u00e9cnico Bento Quirino, desde mar\u00e7o de 2020.<\/p>\n<p>Com isto asseguramos o comprimento da carga hor\u00e1ria requerida pela Legisla\u00e7\u00e3o Educacional de modo integral, evitando perdas de conte\u00fados e de dura\u00e7\u00e3o do ano letivo para os nossos alunos.<\/p>\n<p><strong>\ud83d\udd53 DURA\u00c7\u00c3O DO CURSO: 18 MESES<\/strong><\/p>\n<p><strong>+\u00a0 EST\u00c1GIO OBRIGAT\u00d3RIO DE\u00a0 600 HORAS\u00a0<\/strong><\/p>\n<p><strong>DESCRI\u00c7\u00c3O:<\/strong><\/p>\n<p>O T\u00e9cnico em Enfermagem ser\u00e1 um profissional apto a aplicar seus conhecimentos te\u00f3ricos e pr\u00e1ticos no atendimento \u00e0s demandas dos cidad\u00e3os, da sociedade e do mundo do trabalho, em sintonia com as exig\u00eancias do desenvolvimento s\u00f3cio-econ\u00f4mico local, regional e nacional.<br \/>\nO profissional formado atuar\u00e1 sob a supervis\u00e3o do Enfermeiro, em a\u00e7\u00f5es de promo\u00e7\u00e3o, preven\u00e7\u00e3o, recupera\u00e7\u00e3o e reabilita\u00e7\u00e3o de indiv\u00edduos e grupos, intervindo diretamente no processo sa\u00fade\/doen\u00e7a. Para tanto, requer do profissional, n\u00e3o s\u00f3 compet\u00eancias t\u00e9cnicas isoladas; na articula\u00e7\u00e3o com a compet\u00eancia \u00e9tica e pol\u00edtica de modo a contribuir com um sistema de sa\u00fade que est\u00e1 em cont\u00ednua implementa\u00e7\u00e3o. Busca-se ent\u00e3o a forma\u00e7\u00e3o de um sujeito que seja um agente de mudan\u00e7a<br \/>\n.O curso trabalhar\u00e1 habilidades importantes para o exerc\u00edcio da profiss\u00e3o de T\u00e9cnico em Enfermagem: Orientar e preparar pacientes para exames; Realizar curativos; Administrar medicamentos e vacinas; Fazer nebuliza\u00e7\u00f5es; Dar banho de leito; Manusear os instrumentos de trabalho com precis\u00e3o; Cuidar dos instrumentos de trabalho (higiene e guarda); Utilizar os recursos e as ferramentas de inform\u00e1tica espec\u00edficos da \u00e1rea; Auxiliar o enfermeiro no planejamento e organiza\u00e7\u00e3o do trabalho, na perspectiva de um atendimento integral e de qualidade; Conhecer, executar e analisar as rotinas e os protocolos de trabalho;<\/p>\n<p><strong>MERCADO DE TRABALHO:<\/strong><\/p>\n<p>Institui\u00e7\u00f5es hospitalares, ambulatoriais, cl\u00ednicas, empresas, servi\u00e7os sociais, servi\u00e7os de urg\u00eancia, unidades b\u00e1sicas de sa\u00fade, Programa Sa\u00fade da Fam\u00edlia, home care (domic\u00edlio) e institui\u00e7\u00f5es de longa perman\u00eancia para idosos.<\/p>\n<h4>VERIFICAR SE A DOCUMENTA\u00c7\u00c3O ABAIXO J\u00c1 FOI ENTREGUES NA SECRET\u00c1RIA<\/h4>\n<p>Comprovante de bolsa (documento onde consta a porcentagem de bolsa obtida pela participa\u00e7\u00e3o no processo seletivo)<\/p>\n<p>1 C\u00f3pia do hist\u00f3rico escolar do 2\u00ba Grau<br \/>\n(documento necess\u00e1rio para efetuar a matricula)<br \/>\n1 C\u00f3pia\u00a0 do RG (documento necess\u00e1rio para efetuar a matricula)<br \/>\n1 Foto 3\/4<br \/>\n1 C\u00f3pia da certid\u00e3o de nascimento ou casamento<br \/>\n1 C\u00f3pia do CPF<br \/>\n1 C\u00f3pia do Comprovante de Resid\u00eancia (lado do endere\u00e7o)<\/p>\n<p>SEM A DOCUMENTA\u00c7\u00c3O ACIMA N\u00c3O SER\u00c1 POSS\u00cdVEL EFETUAR A MATR\u00cdCULA.<\/p>\n<p><strong>ATEN\u00c7\u00c3O:<\/strong><\/p>\n<p><strong>PARA MENORES DE IDADE O RESPONS\u00c1VEL DEVER\u00c1 ENVIAR UMA C\u00d3PIA DO RG E CPF PARA EFETUAR A MATR\u00cdCULA<\/strong><\/p>\n<h2><strong> Envio dos Documentos: secretaria@bentoquirino.com.br<\/strong><\/h2>\n<p><strong>*o reajuste da mensalidade \u00e9 anualmente no momento da rematr\u00edcula do ALUNO <\/strong><strong>.<\/strong><\/p>\n","protected":false},"excerpt":{"rendered":"<p>\ud83d\udc46\ud83d\udc46\ud83d\udc46\ud83d\udc46<strong>VALOR REFERENTE A PARCELA DE JANEIRO 2025<\/strong>\u00a0\ud83d\udc46\ud83d\udc46\ud83d\udc46\ud83d\udc46<\/p>\n<h2><strong>IMPORTANTE, SER\u00c3O ENTREGUES DOIS DOCUMENTOS:<\/strong><\/h2>\n<p><strong>1\u00ba REQUERIMENTO DE REMATRICULA\u00a0<\/strong><\/p>\n<p><strong>2\u00ba CONTRATO DE REMATR\u00cdCULA<\/strong><\/p>\n<p>\u00c9 OBRIGAT\u00d3RIO A ASSINATURA DOS DOIS PARA EFETUAR SUA REMATR\u00cdCULA<\/p>\n<p> <a class=\"more-link\" href=\"https:\/\/eadbentoquirino.com.br\/ead\/produto\/rematricula-3o-modulo-enfermagem\/\">Leia mais<\/a><\/p>","protected":false},"featured_media":28644,"comment_status":"closed","ping_status":"closed","template":"","meta":{"jetpack_publicize_message":"","jetpack_publicize_feature_enabled":true,"jetpack_social_post_already_shared":false,"jetpack_social_options":{"image_generator_settings":{"template":"highway","enabled":false}}},"product_cat":[188],"product_tag":[],"class_list":{"0":"post-18684","1":"product","2":"type-product","3":"status-publish","4":"has-post-thumbnail","6":"product_cat-rematricula","8":"first","9":"instock","10":"sold-individually","11":"shipping-taxable","12":"purchasable","13":"product-type-variable","14":"has-default-attributes"},"jetpack_publicize_connections":[],"jetpack_sharing_enabled":true,"_links":{"self":[{"href":"https:\/\/eadbentoquirino.com.br\/ead\/wp-json\/wp\/v2\/product\/18684","targetHints":{"allow":["GET"]}}],"collection":[{"href":"https:\/\/eadbentoquirino.com.br\/ead\/wp-json\/wp\/v2\/product"}],"about":[{"href":"https:\/\/eadbentoquirino.com.br\/ead\/wp-json\/wp\/v2\/types\/product"}],"replies":[{"embeddable":true,"href":"https:\/\/eadbentoquirino.com.br\/ead\/wp-json\/wp\/v2\/comments?post=18684"}],"wp:featuredmedia":[{"embeddable":true,"href":"https:\/\/eadbentoquirino.com.br\/ead\/wp-json\/wp\/v2\/media\/28644"}],"wp:attachment":[{"href":"https:\/\/eadbentoquirino.com.br\/ead\/wp-json\/wp\/v2\/media?parent=18684"}],"wp:term":[{"taxonomy":"product_cat","embeddable":true,"href":"https:\/\/eadbentoquirino.com.br\/ead\/wp-json\/wp\/v2\/product_cat?post=18684"},{"taxonomy":"product_tag","embeddable":true,"href":"https:\/\/eadbentoquirino.com.br\/ead\/wp-json\/wp\/v2\/product_tag?post=18684"}],"curies":[{"name":"wp","href":"https:\/\/api.w.org\/{rel}","templated":true}]}}