{"id":12658,"date":"2020-09-19T01:33:44","date_gmt":"2020-09-19T01:33:44","guid":{"rendered":"https:\/\/eadbentoquirino.com.br\/ead\/?post_type=product&#038;p=12658"},"modified":"2023-04-14T19:07:18","modified_gmt":"2023-04-14T19:07:18","slug":"publicidade","status":"publish","type":"product","link":"https:\/\/eadbentoquirino.com.br\/ead\/produto\/publicidade\/","title":{"rendered":"Publicidade"},"content":{"rendered":"<p><strong>\ud83d\udd53 DURA\u00c7\u00c3O DO CURSO: 12 MESES<\/strong><\/p>\n<p><strong>DESCRI\u00c7\u00c3O:<\/strong><\/p>\n<p>O T\u00e9cnico em Publicidade \u00e9 o profissional que exerce sua atividade em Ag\u00eancias de Propaganda, desenvolvendo campanhas publicit\u00e1rias, elaborando e produzindo pe\u00e7as publicit\u00e1rias para serem veiculadas na m\u00eddia, preparando pesquisas de mercado e de comunica\u00e7\u00e3o, desenvolvendo embalagens para produtos e elaborando a comunica\u00e7\u00e3o visual para empresas.<\/p>\n<p><strong>MERCADO DE TRABALHO:<\/strong><\/p>\n<p>Servir de elo entre a Ag\u00eancia de Publicidade e o cliente para levantar os dados que orientar\u00e3o a campanha de divulga\u00e7\u00e3o de um produto ou de uma empresa. Produzir campanhas publicit\u00e1rias com base na an\u00e1lise de pesquisas sobre o mercado consumidor e o produto.<\/p>\n<p>Administrar as a\u00e7\u00f5es de publicidade e de promo\u00e7\u00e3o de vendas de um produto. Planejar e desenvolver o produto ou servi\u00e7o, estabelecendo estrat\u00e9gias de pre\u00e7o, distribui\u00e7\u00e3o e venda, desde a campanha at\u00e9 a aproxima\u00e7\u00e3o com o consumidor. Escolher os ve\u00edculos de comunica\u00e7\u00e3o mais adequados para difundir uma campanha. Negociar a compra de espa\u00e7o para an\u00fancios em outdoors, TVs, revistas e Internet. Obter dados sobre as necessidades, o perfil e os h\u00e1bitos dos consumidores.<\/p>\n<p>Avaliar o impacto das campanhas publicit\u00e1rias sobre o p\u00fablico. Fazer jingles, comerciais e an\u00fancios em r\u00e1dios, TVs, jornais, revistas, outdoors e websites. Elaborar estrat\u00e9gias de vendas. Desenvolver campanhas promocionais de produtos diversos em restaurantes, supermercados e outros pontos de venda.<\/p>\n<h4>DOCUMENTA\u00c7\u00c3O PARA MATR\u00cdCULA<\/h4>\n<p>Comprovante de bolsa (documento onde consta a porcentagem de bolsa obtida pela participa\u00e7\u00e3o no processo seletivo)<\/p>\n<p>1 C\u00f3pia do hist\u00f3rico escolar do 2\u00ba Grau<br \/>\n(documento necess\u00e1rio para efetuar a matricula)<br \/>\n1 C\u00f3pia\u00a0 do RG (documento necess\u00e1rio para efetuar a matricula)<br \/>\n1 Foto 3\/4<br \/>\n1 C\u00f3pia da certid\u00e3o de nascimento ou casamento<br \/>\n1 C\u00f3pia do CPF<br \/>\n1 C\u00f3pia do Comprovante de Resid\u00eancia (lado do endere\u00e7o)<\/p>\n<p>SEM A DOCUMENTA\u00c7\u00c3O ACIMA N\u00c3O SER\u00c1 POSS\u00cdVEL EFETUAR A MATR\u00cdCULA.<\/p>\n<p><strong>ATEN\u00c7\u00c3O:<\/strong><\/p>\n<p><strong>PARA MENORES DE IDADE O RESPONS\u00c1VEL DEVER\u00c1 ENVIAR UMA C\u00d3PIA DO RG E CPF PARA EFETUAR A MATR\u00cdCULA<\/strong><\/p>\n<h2><strong> Envio dos Documentos: secretaria@bentoquirino.com.br<\/strong><\/h2>\n<p><strong>*o reajuste da mensalidade \u00e9 anualmente no momento da rematr\u00edcula do ALUNO <\/strong><strong>.<\/strong><\/p>\n","protected":false},"excerpt":{"rendered":"<p>\ud83d\udc46\ud83d\udc46\ud83d\udc46\ud83d\udc46<strong>DESCONTO PROMOCIONAL ESPECIAL NA\u00a0 MATR\u00cdCULA<\/strong> \ud83d\udc46\ud83d\udc46\ud83d\udc46\ud83d\udc46<\/p>\n<h2><strong>TURMAS COM IN\u00cdCIO EM FEVEREIRO DE 2022<\/strong><\/h2>\n<p>VENHA FAZER PARTE DO <strong>BENTO QUIRINO.<\/strong><\/p>\n<p><strong>OBS: N\u00c3O ACUMULATIVO COM OUTROS DESCONTOS. VALOR BRUTO DA MENSALIDADE\u00a0 R$1.594,30.<\/strong><\/p>\n<p> <a class=\"more-link\" href=\"https:\/\/eadbentoquirino.com.br\/ead\/produto\/publicidade\/\">Leia mais<\/a><\/p>","protected":false},"featured_media":28614,"comment_status":"closed","ping_status":"closed","template":"","meta":{"jetpack_publicize_message":"","jetpack_publicize_feature_enabled":true,"jetpack_social_post_already_shared":false,"jetpack_social_options":{"image_generator_settings":{"template":"highway","enabled":false}}},"product_cat":[66],"product_tag":[],"class_list":{"0":"post-12658","1":"product","2":"type-product","3":"status-publish","4":"has-post-thumbnail","6":"product_cat-presencial","8":"first","9":"instock","10":"sale","11":"sold-individually","12":"shipping-taxable","13":"purchasable","14":"product-type-variable","15":"has-default-attributes"},"jetpack_publicize_connections":[],"jetpack_sharing_enabled":true,"_links":{"self":[{"href":"https:\/\/eadbentoquirino.com.br\/ead\/wp-json\/wp\/v2\/product\/12658","targetHints":{"allow":["GET"]}}],"collection":[{"href":"https:\/\/eadbentoquirino.com.br\/ead\/wp-json\/wp\/v2\/product"}],"about":[{"href":"https:\/\/eadbentoquirino.com.br\/ead\/wp-json\/wp\/v2\/types\/product"}],"replies":[{"embeddable":true,"href":"https:\/\/eadbentoquirino.com.br\/ead\/wp-json\/wp\/v2\/comments?post=12658"}],"wp:featuredmedia":[{"embeddable":true,"href":"https:\/\/eadbentoquirino.com.br\/ead\/wp-json\/wp\/v2\/media\/28614"}],"wp:attachment":[{"href":"https:\/\/eadbentoquirino.com.br\/ead\/wp-json\/wp\/v2\/media?parent=12658"}],"wp:term":[{"taxonomy":"product_cat","embeddable":true,"href":"https:\/\/eadbentoquirino.com.br\/ead\/wp-json\/wp\/v2\/product_cat?post=12658"},{"taxonomy":"product_tag","embeddable":true,"href":"https:\/\/eadbentoquirino.com.br\/ead\/wp-json\/wp\/v2\/product_tag?post=12658"}],"curies":[{"name":"wp","href":"https:\/\/api.w.org\/{rel}","templated":true}]}}