{"id":12360,"date":"2020-08-28T19:45:38","date_gmt":"2020-08-28T19:45:38","guid":{"rendered":"https:\/\/eadbentoquirino.com.br\/ead\/?post_type=product&#038;p=12360"},"modified":"2025-10-24T15:16:17","modified_gmt":"2025-10-24T15:16:17","slug":"ensino-fundamental-6o","status":"publish","type":"product","link":"https:\/\/eadbentoquirino.com.br\/ead\/produto\/ensino-fundamental-6o\/","title":{"rendered":"Ensino Fundamental 6\u00ba ano- para ano letivo 2026"},"content":{"rendered":"<div id=\"page\" class=\"site\">\n<div class=\"site-inner\">\n<div class=\"container\">\n<div class=\"row\">\n<div class=\"site-main col-sm-24 \">\n<p>Enquanto permanecer em vigor as normas legais sobre a necessidade de isolamento social, por conta da pandemia que atravessamos, todo nosso conte\u00fado \u00e9 ministrado por v\u00eddeos-aulas, ao vivo, apoiadas por nossa plataforma, acess\u00edvel pelos meios digitais (celulares, tablets, micros, etc), bastando ter dispon\u00edvel sinal de internet. Esta metologia exitosa foi implantada com sucesso pelo Col\u00e9gio T\u00e9cnico Bento Quirino, desde mar\u00e7o de 2020.<\/p>\n<p>Com isto asseguramos o comprimento da carga hor\u00e1ria requerida pela Legisla\u00e7\u00e3o Educacional de modo integral, evitando perdas de conte\u00fados e de dura\u00e7\u00e3o do ano letivo para os nossos alunos.<\/p>\n<p>&nbsp;<\/p>\n<article id=\"post-31404\" class=\"post-31404 page type-page status-publish hentry\">\n<div class=\"entry-content col-sm-24\">\n<div class=\"vc_row wpb_row vc_row-fluid vc_row-no-padding\" data-vc-full-width=\"true\" data-vc-full-width-init=\"true\" data-vc-stretch-content=\"true\">\n<div class=\"wpb_column vc_column_container vc_col-sm-6\">\n<div class=\"vc_column-inner \">\n<div class=\"wpb_wrapper\">\n<div class=\"wpb_text_column wpb_content_element vc_custom_1591132364997\">\n<div class=\"wpb_wrapper\">\n<p>O Sistema Dual de Ensino, tradicionalmente, se refere ao sistema de ensino que une a teoria e a pr\u00e1tica no mesmo momento. Originalmente surgiu na Alemanha e logo foi adotado, tamb\u00e9m, pela Su\u00ed\u00e7a e \u00c1ustria. Atualmente, \u00e9 conhecido mundialmente e adotado em diversos pa\u00edses.<\/p>\n<p>Inspirado nesta exitosa experi\u00eancia o Col\u00e9gio T\u00e9cnico Bento Quirino, por seu corpo docente, desenvolveu metodologia pr\u00f3pria para levar aos jovens do ensino fundamental, a partir do n\u00edvel II, conhecimento pr\u00e1tico das principais profiss\u00f5es, capazes de \u201cDespertar Voca\u00e7\u00f5es\u201d. Ao longo das quatro s\u00e9ries que comp\u00f5em este n\u00edvel de ensino, ser\u00e3o apresentadas as principais profiss\u00f5es, por meio de professores habilitados, adotando m\u00e9todos expositivos claros, com demonstra\u00e7\u00f5es pr\u00e1ticas do desempenho das profiss\u00f5es, tudo em ambientes controlados.<\/p>\n<p>Com apresenta\u00e7\u00f5es din\u00e2micas e interativas, pretendemos que sejam esclarecidas d\u00favidas do que e como um profissional, j\u00e1 formado, desempenha suas fun\u00e7\u00f5es, resolve seus problemas e contribui para a constru\u00e7\u00e3o de mundo melhor, pelo uso do conhecimento, com \u00e9tica e com responsabilidade social.<\/p>\n<p>Temos a convic\u00e7\u00e3o que estes jovens, poder\u00e3o amanh\u00e3 tomar uma decis\u00e3o assertiva da profiss\u00e3o que ir\u00e3o abra\u00e7ar, com a certeza do que escolheram uma profiss\u00e3o inteiramente vocacionada, com respeito a suas pr\u00f3prias individualidades e afinidades.<\/p>\n<p>O Col\u00e9gio T\u00e9cnico Bento Quirino, por seus mais de 100 anos dedicados ao ensino, se sente confort\u00e1vel em abra\u00e7ar este desafio que lhe foi imposto por pais e respons\u00e1veis preocupados em dar, n\u00e3o s\u00f3 uma boa forma\u00e7\u00e3o escolar aos seus filhos, mas principalmente em fornecer uma educa\u00e7\u00e3o que possibilitasse, hoje, desenvolver a confian\u00e7a da escolha de uma profiss\u00e3o capaz de vencer os desafios e exig\u00eancias que o universo de trabalho exigir\u00e1 de cada um, amanh\u00e3.<\/p>\n<p>Temos o prazer em convid\u00e1-lo a vir conhecer nossos ambientes educacionais, maiores detalhes desta inovadora motiva\u00e7\u00e3o educacional e a fazer a op\u00e7\u00e3o acertada matriculando seu\/sua filho(a) no \u201cBentinho\u201d, como \u00e9 carinhosamente chamada pela nossa comunidade.<\/p>\n<\/div>\n<\/div>\n<div class=\"vc_empty_space\"><\/div>\n<\/div>\n<\/div>\n<\/div>\n<\/div>\n<div class=\"vc_row-full-width vc_clearfix\">\n<h4>DOCUMENTA\u00c7\u00c3O PARA MATR\u00cdCULA<\/h4>\n<p>Comprovante de bolsa (documento onde consta a porcentagem de bolsa obtida pela participa\u00e7\u00e3o no processo seletivo)<\/p>\n<p>1 C\u00f3pia do hist\u00f3rico escolar do 1\u00ba Grau e certificado autenticado \/ declara\u00e7\u00e3o original<br \/>\n(documento necess\u00e1rio para efetuar a matricula)<br \/>\n1 C\u00f3pia do RG (documento necess\u00e1rio para efetuar a matricula)<br \/>\n1 Foto 3\/4<br \/>\n1 C\u00f3pia da certid\u00e3o de nascimento<br \/>\n1 C\u00f3pia do CPF<br \/>\n1 C\u00f3pia do Comprovante de Resid\u00eancia (lado do endere\u00e7o)<\/p>\n<p>SEM A DOCUMENTA\u00c7\u00c3O ACIMA N\u00c3O SER\u00c1 POSS\u00cdVEL EFETUAR A MATR\u00cdCULA.<\/p>\n<p><strong>ATEN\u00c7\u00c3O:<\/strong><\/p>\n<p>PARA MENORES DE IDADE O RESPONS\u00c1VEL DEVER\u00c1 LEVAR UMA C\u00d3PIA DO RG E CPF<br \/>\nPARA EFETUAR A MATR\u00cdCULA.<br \/>\n<strong> Envio dos Documentos; secretaria@bentoquirino.com.br<\/strong><\/p>\n<p><strong>* reajust\u00e1veis anualmente no momento da rematr\u00edcula do ALUNO no per\u00edodo letivo correspondente.<\/strong><\/p>\n<\/div>\n<div class=\"vc_row wpb_row vc_row-fluid\">\n<div class=\"wpb_column vc_column_container vc_col-sm-12\">\n<div class=\"vc_column-inner \">\n<div class=\"wpb_wrapper\">\n<div class=\"vc_separator wpb_content_element vc_separator_align_center vc_sep_width_100 vc_sep_pos_align_center vc_separator_no_text vc_sep_color_sky\"><\/div>\n<\/div>\n<\/div>\n<\/div>\n<\/div>\n<\/div>\n<div class=\"clear\"><\/div>\n<\/article>\n<p>&nbsp;<\/p>\n<\/div>\n<\/div>\n<\/div>\n<div id=\"fb-root\"><\/div>\n<\/div>\n<\/div>\n","protected":false},"excerpt":{"rendered":"<p>\ud83d\udc46\ud83d\udc46\ud83d\udc46\ud83d\udc46<strong>DESCONTO ESPECIAL NA\u00a0 MATR\u00cdCULA<\/strong> \ud83d\udc46\ud83d\udc46\ud83d\udc46\ud83d\udc46<\/p>\n<h2><strong>PROMO\u00c7\u00c3O NA MENSALIDADE DE <span style=\"text-decoration: line-through;\">R$ 1.710,58<\/span><\/strong><\/h2>\n<h1><strong>POR R$1.026,35<\/strong><\/h1>\n<p>VENHA FAZER PARTE DO <strong>BENTO QUIRINO.<\/strong><\/p>\n<h2><a href=\"http:\/\/www.bentoquirino.com.br\/novo\/tour-virtual\/\"><strong>TOUR VIRTUAL 360\u00ba<\/strong><\/a><\/h2>\n<h2><strong>IMPORTANTE, SER\u00c3O ENTREGUES DOIS DOCUMENTOS:<\/strong><\/h2>\n<p><strong>1\u00ba REQUERIMENTO DE MATRICULA\u00a0<\/strong><\/p>\n<p><strong>2\u00ba CONTRATO DE MATR\u00cdCULA<\/strong><\/p>\n<p>\u00c9 OBRIGAT\u00d3RIO A ASSINATURA DOS DOIS PARA EFETUAR SUA MATR\u00cdCULA<\/p>\n<p> <a class=\"more-link\" href=\"https:\/\/eadbentoquirino.com.br\/ead\/produto\/ensino-fundamental-6o\/\">Leia mais<\/a><\/p>","protected":false},"featured_media":28954,"comment_status":"closed","ping_status":"closed","template":"","meta":{"jetpack_publicize_message":"","jetpack_publicize_feature_enabled":true,"jetpack_social_post_already_shared":false,"jetpack_social_options":{"image_generator_settings":{"template":"highway","enabled":false}}},"product_cat":[66],"product_tag":[],"class_list":{"0":"post-12360","1":"product","2":"type-product","3":"status-publish","4":"has-post-thumbnail","6":"product_cat-presencial","8":"first","9":"instock","10":"sale","11":"sold-individually","12":"shipping-taxable","13":"purchasable","14":"product-type-variable","15":"has-default-attributes"},"jetpack_publicize_connections":[],"jetpack_sharing_enabled":true,"_links":{"self":[{"href":"https:\/\/eadbentoquirino.com.br\/ead\/wp-json\/wp\/v2\/product\/12360","targetHints":{"allow":["GET"]}}],"collection":[{"href":"https:\/\/eadbentoquirino.com.br\/ead\/wp-json\/wp\/v2\/product"}],"about":[{"href":"https:\/\/eadbentoquirino.com.br\/ead\/wp-json\/wp\/v2\/types\/product"}],"replies":[{"embeddable":true,"href":"https:\/\/eadbentoquirino.com.br\/ead\/wp-json\/wp\/v2\/comments?post=12360"}],"wp:featuredmedia":[{"embeddable":true,"href":"https:\/\/eadbentoquirino.com.br\/ead\/wp-json\/wp\/v2\/media\/28954"}],"wp:attachment":[{"href":"https:\/\/eadbentoquirino.com.br\/ead\/wp-json\/wp\/v2\/media?parent=12360"}],"wp:term":[{"taxonomy":"product_cat","embeddable":true,"href":"https:\/\/eadbentoquirino.com.br\/ead\/wp-json\/wp\/v2\/product_cat?post=12360"},{"taxonomy":"product_tag","embeddable":true,"href":"https:\/\/eadbentoquirino.com.br\/ead\/wp-json\/wp\/v2\/product_tag?post=12360"}],"curies":[{"name":"wp","href":"https:\/\/api.w.org\/{rel}","templated":true}]}}

Ensino Fundamental 6º ano- para ano letivo 2026

<div id="page" class="site">
<div class="site-inner">
<div class="container">
<div class="row">
<div class="site-main col-sm-24 ">
<p>Enquanto permanecer em vigor as normas legais sobre a necessidade de isolamento social, por conta da pandemia que atravessamos, todo nosso conteúdo é ministrado por vídeos-aulas, ao vivo, apoiadas por nossa plataforma, acessível pelos meios digitais (celulares, tablets, micros, etc), bastando ter disponível sinal de internet. Esta metologia exitosa foi implantada com sucesso pelo Colégio Técnico Bento Quirino, desde março de 2020.</p>
<p>Com isto asseguramos o comprimento da carga horária requerida pela Legislação Educacional de modo integral, evitando perdas de conteúdos e de duração do ano letivo para os nossos alunos.</p>
<p>&nbsp;</p>
<article id="post-31404" class="post-31404 page type-page status-publish hentry">
<div class="entry-content col-sm-24">
<div class="vc_row wpb_row vc_row-fluid vc_row-no-padding" data-vc-full-width="true" data-vc-full-width-init="true" data-vc-stretch-content="true">
<div class="wpb_column vc_column_container vc_col-sm-6">
<div class="vc_column-inner ">
<div class="wpb_wrapper">
<div class="wpb_text_column wpb_content_element vc_custom_1591132364997">
<div class="wpb_wrapper">
<p>O Sistema Dual de Ensino, tradicionalmente, se refere ao sistema de ensino que une a teoria e a prática no mesmo momento. Originalmente surgiu na Alemanha e logo foi adotado, também, pela Suíça e Áustria. Atualmente, é conhecido mundialmente e adotado em diversos países.</p>
<p>Inspirado nesta exitosa experiência o Colégio Técnico Bento Quirino, por seu corpo docente, desenvolveu metodologia própria para levar aos jovens do ensino fundamental, a partir do nível II, conhecimento prático das principais profissões, capazes de “Despertar Vocações”. Ao longo das quatro séries que compõem este nível de ensino, serão apresentadas as principais profissões, por meio de professores habilitados, adotando métodos expositivos claros, com demonstrações práticas do desempenho das profissões, tudo em ambientes controlados.</p>
<p>Com apresentações dinâmicas e interativas, pretendemos que sejam esclarecidas dúvidas do que e como um profissional, já formado, desempenha suas funções, resolve seus problemas e contribui para a construção de mundo melhor, pelo uso do conhecimento, com ética e com responsabilidade social.</p>
<p>Temos a convicção que estes jovens, poderão amanhã tomar uma decisão assertiva da profissão que irão abraçar, com a certeza do que escolheram uma profissão inteiramente vocacionada, com respeito a suas próprias individualidades e afinidades.</p>
<p>O Colégio Técnico Bento Quirino, por seus mais de 100 anos dedicados ao ensino, se sente confortável em abraçar este desafio que lhe foi imposto por pais e responsáveis preocupados em dar, não só uma boa formação escolar aos seus filhos, mas principalmente em fornecer uma educação que possibilitasse, hoje, desenvolver a confiança da escolha de uma profissão capaz de vencer os desafios e exigências que o universo de trabalho exigirá de cada um, amanhã.</p>
<p>Temos o prazer em convidá-lo a vir conhecer nossos ambientes educacionais, maiores detalhes desta inovadora motivação educacional e a fazer a opção acertada matriculando seu/sua filho(a) no “Bentinho”, como é carinhosamente chamada pela nossa comunidade.</p>
</div>
</div>
<div class="vc_empty_space"></div>
</div>
</div>
</div>
</div>
<div class="vc_row-full-width vc_clearfix">
<h4>DOCUMENTAÇÃO PARA MATRÍCULA</h4>
<p>Comprovante de bolsa (documento onde consta a porcentagem de bolsa obtida pela participação no processo seletivo)</p>
<p>1 Cópia do histórico escolar do 1º Grau e certificado autenticado / declaração original<br />
(documento necessário para efetuar a matricula)<br />
1 Cópia do RG (documento necessário para efetuar a matricula)<br />
1 Foto 3/4<br />
1 Cópia da certidão de nascimento<br />
1 Cópia do CPF<br />
1 Cópia do Comprovante de Residência (lado do endereço)</p>
<p>SEM A DOCUMENTAÇÃO ACIMA NÃO SERÁ POSSÍVEL EFETUAR A MATRÍCULA.</p>
<p><strong>ATENÇÃO:</strong></p>
<p>PARA MENORES DE IDADE O RESPONSÁVEL DEVERÁ LEVAR UMA CÓPIA DO RG E CPF<br />
PARA EFETUAR A MATRÍCULA.<br />
<strong> Envio dos Documentos; secretaria@bentoquirino.com.br</strong></p>
<p><strong>* reajustáveis anualmente no momento da rematrícula do ALUNO no período letivo correspondente.</strong></p>
</div>
<div class="vc_row wpb_row vc_row-fluid">
<div class="wpb_column vc_column_container vc_col-sm-12">
<div class="vc_column-inner ">
<div class="wpb_wrapper">
<div class="vc_separator wpb_content_element vc_separator_align_center vc_sep_width_100 vc_sep_pos_align_center vc_separator_no_text vc_sep_color_sky"></div>
</div>
</div>
</div>
</div>
</div>
<div class="clear"></div>
</article>
<p>&nbsp;</p>
</div>
</div>
</div>
<div id="fb-root"></div>
</div>
</div>

<p>👆👆👆👆<strong>DESCONTO ESPECIAL NA  MATRÍCULA</strong> 👆👆👆👆</p>
<h2><strong>PROMOÇÃO NA MENSALIDADE DE <span style="text-decoration: line-through;">R$ 1.710,58</span></strong></h2>
<h1><strong>POR R$1.026,35</strong></h1>
<p>VENHA FAZER PARTE DO <strong>BENTO QUIRINO.</strong></p>
<h2><a href="http://www.bentoquirino.com.br/novo/tour-virtual/"><strong>TOUR VIRTUAL 360º</strong></a></h2>
<h2><strong>IMPORTANTE, SERÃO ENTREGUES DOIS DOCUMENTOS:</strong></h2>
<p><strong>1º REQUERIMENTO DE MATRICULA </strong></p>
<p><strong>2º CONTRATO DE MATRÍCULA</strong></p>
<p>É OBRIGATÓRIO A ASSINATURA DOS DOIS PARA EFETUAR SUA MATRÍCULA</p>
<p> <a class="more-link" href="https://eadbentoquirino.com.br/ead/produto/ensino-fundamental-6o/">Leia mais</a></p>
