{"id":18696,"date":"2021-07-13T21:04:19","date_gmt":"2021-07-13T21:04:19","guid":{"rendered":"https:\/\/eadbentoquirino.com.br\/ead\/?page_id=18696"},"modified":"2024-07-01T19:16:10","modified_gmt":"2024-07-01T19:16:10","slug":"rematricula-pos-medio-3-modulo","status":"publish","type":"page","link":"https:\/\/eadbentoquirino.com.br\/ead\/rematricula-pos-medio-3-modulo\/","title":{"rendered":"Rematr\u00edcula P\u00f3s m\u00e9dio 3 M\u00f3dulo"},"content":{"rendered":"\t\t<div data-elementor-type=\"wp-page\" data-elementor-id=\"18696\" class=\"elementor elementor-18696\" data-elementor-post-type=\"page\">\n\t\t\t\t\t\t<section class=\"elementor-section elementor-top-section elementor-element elementor-element-19e78f03 elementor-section-stretched elementor-section-full_width elementor-section-height-default elementor-section-height-default\" data-id=\"19e78f03\" data-element_type=\"section\" data-settings=\"{&quot;stretch_section&quot;:&quot;section-stretched&quot;,&quot;background_background&quot;:&quot;classic&quot;}\">\n\t\t\t\t\t\t<div class=\"elementor-container elementor-column-gap-default\">\n\t\t\t\t\t<div class=\"elementor-column elementor-col-33 elementor-top-column elementor-element elementor-element-e3c9cd5\" data-id=\"e3c9cd5\" data-element_type=\"column\">\n\t\t\t<div class=\"elementor-widget-wrap elementor-element-populated\">\n\t\t\t\t\t\t<div class=\"elementor-element elementor-element-1889ef34 elementor-widget elementor-widget-spacer\" data-id=\"1889ef34\" data-element_type=\"widget\" data-widget_type=\"spacer.default\">\n\t\t\t\t<div class=\"elementor-widget-container\">\n\t\t\t\t\t\t\t<div class=\"elementor-spacer\">\n\t\t\t<div class=\"elementor-spacer-inner\"><\/div>\n\t\t<\/div>\n\t\t\t\t\t\t<\/div>\n\t\t\t\t<\/div>\n\t\t\t\t<div class=\"elementor-element elementor-element-36eb936 elementor-widget elementor-widget-html\" data-id=\"36eb936\" data-element_type=\"widget\" data-widget_type=\"html.default\">\n\t\t\t\t<div class=\"elementor-widget-container\">\n\t\t\t\t\t<div style=\"border-bottom: 2px dotted #283a50;\"> <\/div>\t\t\t\t<\/div>\n\t\t\t\t<\/div>\n\t\t\t\t\t<\/div>\n\t\t<\/div>\n\t\t\t\t<div class=\"elementor-column elementor-col-33 elementor-top-column elementor-element elementor-element-7e98ba5d\" data-id=\"7e98ba5d\" data-element_type=\"column\">\n\t\t\t<div class=\"elementor-widget-wrap elementor-element-populated\">\n\t\t\t\t\t\t<div class=\"elementor-element elementor-element-3cb0b elementor-widget elementor-widget-spacer\" data-id=\"3cb0b\" data-element_type=\"widget\" data-widget_type=\"spacer.default\">\n\t\t\t\t<div class=\"elementor-widget-container\">\n\t\t\t\t\t\t\t<div class=\"elementor-spacer\">\n\t\t\t<div class=\"elementor-spacer-inner\"><\/div>\n\t\t<\/div>\n\t\t\t\t\t\t<\/div>\n\t\t\t\t<\/div>\n\t\t\t\t<div class=\"elementor-element elementor-element-6efe020 elementor-widget elementor-widget-heading\" data-id=\"6efe020\" data-element_type=\"widget\" data-widget_type=\"heading.default\">\n\t\t\t\t<div class=\"elementor-widget-container\">\n\t\t\t\t\t<h2 class=\"elementor-heading-title elementor-size-default\"><strong>rematr\u00edculaS 100% on-line<\/strong><\/h2>\t\t\t\t<\/div>\n\t\t\t\t<\/div>\n\t\t\t\t\t<\/div>\n\t\t<\/div>\n\t\t\t\t<div class=\"elementor-column elementor-col-33 elementor-top-column elementor-element elementor-element-72101d26\" data-id=\"72101d26\" data-element_type=\"column\">\n\t\t\t<div class=\"elementor-widget-wrap elementor-element-populated\">\n\t\t\t\t\t\t<div class=\"elementor-element elementor-element-16cc526a elementor-widget elementor-widget-spacer\" data-id=\"16cc526a\" data-element_type=\"widget\" data-widget_type=\"spacer.default\">\n\t\t\t\t<div class=\"elementor-widget-container\">\n\t\t\t\t\t\t\t<div class=\"elementor-spacer\">\n\t\t\t<div class=\"elementor-spacer-inner\"><\/div>\n\t\t<\/div>\n\t\t\t\t\t\t<\/div>\n\t\t\t\t<\/div>\n\t\t\t\t<div class=\"elementor-element elementor-element-59337016 elementor-widget elementor-widget-html\" data-id=\"59337016\" data-element_type=\"widget\" data-widget_type=\"html.default\">\n\t\t\t\t<div class=\"elementor-widget-container\">\n\t\t\t\t\t<div style=\"border-bottom: 2px dotted #283a50;\"> <\/div>\t\t\t\t<\/div>\n\t\t\t\t<\/div>\n\t\t\t\t\t<\/div>\n\t\t<\/div>\n\t\t\t\t\t<\/div>\n\t\t<\/section>\n\t\t\t\t<section class=\"elementor-section elementor-top-section elementor-element elementor-element-11972c19 elementor-section-stretched elementor-section-full_width elementor-section-height-default elementor-section-height-default\" data-id=\"11972c19\" data-element_type=\"section\" data-settings=\"{&quot;stretch_section&quot;:&quot;section-stretched&quot;,&quot;background_background&quot;:&quot;classic&quot;}\">\n\t\t\t\t\t\t<div class=\"elementor-container elementor-column-gap-default\">\n\t\t\t\t\t<div class=\"elementor-column elementor-col-100 elementor-top-column elementor-element elementor-element-43f1a162\" data-id=\"43f1a162\" data-element_type=\"column\">\n\t\t\t<div class=\"elementor-widget-wrap elementor-element-populated\">\n\t\t\t\t\t\t<div class=\"elementor-element elementor-element-e879805 elementor-widget elementor-widget-heading\" data-id=\"e879805\" data-element_type=\"widget\" data-widget_type=\"heading.default\">\n\t\t\t\t<div class=\"elementor-widget-container\">\n\t\t\t\t\t<h2 class=\"elementor-heading-title elementor-size-default\"><strong>REMATR\u00edcula p\u00f3s m\u00e9dio 3\u00ba m\u00f3dulo<\/strong><\/h2>\t\t\t\t<\/div>\n\t\t\t\t<\/div>\n\t\t\t\t\t<\/div>\n\t\t<\/div>\n\t\t\t\t\t<\/div>\n\t\t<\/section>\n\t\t\t\t<section class=\"elementor-section elementor-top-section elementor-element elementor-element-7ee9fbca elementor-section-stretched elementor-section-boxed elementor-section-height-default elementor-section-height-default\" data-id=\"7ee9fbca\" data-element_type=\"section\" data-settings=\"{&quot;stretch_section&quot;:&quot;section-stretched&quot;,&quot;background_background&quot;:&quot;classic&quot;}\">\n\t\t\t\t\t\t<div class=\"elementor-container elementor-column-gap-default\">\n\t\t\t\t\t<div class=\"elementor-column elementor-col-50 elementor-top-column elementor-element elementor-element-15b89e71\" data-id=\"15b89e71\" data-element_type=\"column\">\n\t\t\t<div class=\"elementor-widget-wrap elementor-element-populated\">\n\t\t\t\t\t\t<div class=\"elementor-element elementor-element-1bf8349f elementor-widget elementor-widget-image\" data-id=\"1bf8349f\" data-element_type=\"widget\" data-widget_type=\"image.default\">\n\t\t\t\t<div class=\"elementor-widget-container\">\n\t\t\t\t\t\t\t\t\t\t\t\t\t\t\t\t<a href=\"https:\/\/eadbentoquirino.com.br\/ead\/produto\/rematricula-3o-modulo-edificacoes\/\">\n\t\t\t\t\t\t\t<img fetchpriority=\"high\" decoding=\"async\" width=\"300\" height=\"300\" src=\"https:\/\/eadbentoquirino.com.br\/ead\/wp-content\/uploads\/2023\/04\/Edificacoes-300x300.png\" class=\"attachment-medium size-medium wp-image-28643\" alt=\"\" srcset=\"https:\/\/eadbentoquirino.com.br\/ead\/wp-content\/uploads\/2023\/04\/Edificacoes-300x300.png 300w, https:\/\/eadbentoquirino.com.br\/ead\/wp-content\/uploads\/2023\/04\/Edificacoes-1024x1024.png 1024w, https:\/\/eadbentoquirino.com.br\/ead\/wp-content\/uploads\/2023\/04\/Edificacoes-150x150.png 150w, https:\/\/eadbentoquirino.com.br\/ead\/wp-content\/uploads\/2023\/04\/Edificacoes-768x768.png 768w, https:\/\/eadbentoquirino.com.br\/ead\/wp-content\/uploads\/2023\/04\/Edificacoes-600x600.png 600w, https:\/\/eadbentoquirino.com.br\/ead\/wp-content\/uploads\/2023\/04\/Edificacoes-100x100.png 100w, https:\/\/eadbentoquirino.com.br\/ead\/wp-content\/uploads\/2023\/04\/Edificacoes.png 1080w\" sizes=\"(max-width: 300px) 100vw, 300px\" \/>\t\t\t\t\t\t\t\t<\/a>\n\t\t\t\t\t\t\t\t\t\t\t\t\t\t\t<\/div>\n\t\t\t\t<\/div>\n\t\t\t\t<div class=\"elementor-element elementor-element-5ac6d5c elementor-widget elementor-widget-heading\" data-id=\"5ac6d5c\" data-element_type=\"widget\" data-widget_type=\"heading.default\">\n\t\t\t\t<div class=\"elementor-widget-container\">\n\t\t\t\t\t<h2 class=\"elementor-heading-title elementor-size-default\"><a href=\"https:\/\/eadbentoquirino.com.br\/ead\/produto\/rematricula-3o-modulo-edificacoes\/\"><strong> 3\u00ba m\u00f3dulo Edifica\u00e7\u00f5es<\/strong> <\/a><\/h2>\t\t\t\t<\/div>\n\t\t\t\t<\/div>\n\t\t\t\t\t<\/div>\n\t\t<\/div>\n\t\t\t\t<div class=\"elementor-column elementor-col-50 elementor-top-column elementor-element elementor-element-33f18cb9\" data-id=\"33f18cb9\" data-element_type=\"column\">\n\t\t\t<div class=\"elementor-widget-wrap elementor-element-populated\">\n\t\t\t\t\t\t<div class=\"elementor-element elementor-element-23fbefa elementor-widget elementor-widget-image\" data-id=\"23fbefa\" data-element_type=\"widget\" data-widget_type=\"image.default\">\n\t\t\t\t<div class=\"elementor-widget-container\">\n\t\t\t\t\t\t\t\t\t\t\t\t\t\t\t\t<a href=\"https:\/\/eadbentoquirino.com.br\/ead\/produto\/rematricula-3o-modulo-seguranca-do-trabalho\/\">\n\t\t\t\t\t\t\t<img decoding=\"async\" width=\"300\" height=\"300\" src=\"https:\/\/eadbentoquirino.com.br\/ead\/wp-content\/uploads\/2023\/04\/Seguranca-do-Trabalho-300x300.png\" class=\"attachment-medium size-medium wp-image-28641\" alt=\"\" srcset=\"https:\/\/eadbentoquirino.com.br\/ead\/wp-content\/uploads\/2023\/04\/Seguranca-do-Trabalho-300x300.png 300w, https:\/\/eadbentoquirino.com.br\/ead\/wp-content\/uploads\/2023\/04\/Seguranca-do-Trabalho-1024x1024.png 1024w, https:\/\/eadbentoquirino.com.br\/ead\/wp-content\/uploads\/2023\/04\/Seguranca-do-Trabalho-150x150.png 150w, https:\/\/eadbentoquirino.com.br\/ead\/wp-content\/uploads\/2023\/04\/Seguranca-do-Trabalho-768x768.png 768w, https:\/\/eadbentoquirino.com.br\/ead\/wp-content\/uploads\/2023\/04\/Seguranca-do-Trabalho-600x600.png 600w, https:\/\/eadbentoquirino.com.br\/ead\/wp-content\/uploads\/2023\/04\/Seguranca-do-Trabalho-100x100.png 100w, https:\/\/eadbentoquirino.com.br\/ead\/wp-content\/uploads\/2023\/04\/Seguranca-do-Trabalho.png 1080w\" sizes=\"(max-width: 300px) 100vw, 300px\" \/>\t\t\t\t\t\t\t\t<\/a>\n\t\t\t\t\t\t\t\t\t\t\t\t\t\t\t<\/div>\n\t\t\t\t<\/div>\n\t\t\t\t<div class=\"elementor-element elementor-element-45dfa33e elementor-widget elementor-widget-heading\" data-id=\"45dfa33e\" data-element_type=\"widget\" data-widget_type=\"heading.default\">\n\t\t\t\t<div class=\"elementor-widget-container\">\n\t\t\t\t\t<h2 class=\"elementor-heading-title elementor-size-default\"><a href=\"https:\/\/eadbentoquirino.com.br\/ead\/produto\/rematricula-3o-modulo-seguranca-do-trabalho\/\"><strong>3\u00ba m\u00f3dulo sEGURAN\u00c7A DO tRABALHO\n<\/strong><\/a><\/h2>\t\t\t\t<\/div>\n\t\t\t\t<\/div>\n\t\t\t\t\t<\/div>\n\t\t<\/div>\n\t\t\t\t\t<\/div>\n\t\t<\/section>\n\t\t\t\t<section class=\"elementor-section elementor-top-section elementor-element elementor-element-636779e5 elementor-section-stretched elementor-section-boxed elementor-section-height-default elementor-section-height-default\" data-id=\"636779e5\" data-element_type=\"section\" data-settings=\"{&quot;stretch_section&quot;:&quot;section-stretched&quot;,&quot;background_background&quot;:&quot;classic&quot;}\">\n\t\t\t\t\t\t<div class=\"elementor-container elementor-column-gap-default\">\n\t\t\t\t\t<div class=\"elementor-column elementor-col-50 elementor-top-column elementor-element elementor-element-3ad5c41f\" data-id=\"3ad5c41f\" data-element_type=\"column\">\n\t\t\t<div class=\"elementor-widget-wrap elementor-element-populated\">\n\t\t\t\t\t\t<div class=\"elementor-element elementor-element-57671d38 elementor-widget elementor-widget-image\" data-id=\"57671d38\" data-element_type=\"widget\" data-widget_type=\"image.default\">\n\t\t\t\t<div class=\"elementor-widget-container\">\n\t\t\t\t\t\t\t\t\t\t\t\t\t\t\t\t<a href=\"https:\/\/eadbentoquirino.com.br\/ead\/produto\/rematricula-3o-modulo-farmacia\/\">\n\t\t\t\t\t\t\t<img decoding=\"async\" width=\"300\" height=\"300\" src=\"https:\/\/eadbentoquirino.com.br\/ead\/wp-content\/uploads\/2023\/04\/Farmacia-300x300.png\" class=\"attachment-medium size-medium wp-image-28645\" alt=\"\" srcset=\"https:\/\/eadbentoquirino.com.br\/ead\/wp-content\/uploads\/2023\/04\/Farmacia-300x300.png 300w, https:\/\/eadbentoquirino.com.br\/ead\/wp-content\/uploads\/2023\/04\/Farmacia-1024x1024.png 1024w, https:\/\/eadbentoquirino.com.br\/ead\/wp-content\/uploads\/2023\/04\/Farmacia-150x150.png 150w, https:\/\/eadbentoquirino.com.br\/ead\/wp-content\/uploads\/2023\/04\/Farmacia-768x768.png 768w, https:\/\/eadbentoquirino.com.br\/ead\/wp-content\/uploads\/2023\/04\/Farmacia-600x600.png 600w, https:\/\/eadbentoquirino.com.br\/ead\/wp-content\/uploads\/2023\/04\/Farmacia-100x100.png 100w, https:\/\/eadbentoquirino.com.br\/ead\/wp-content\/uploads\/2023\/04\/Farmacia.png 1080w\" sizes=\"(max-width: 300px) 100vw, 300px\" \/>\t\t\t\t\t\t\t\t<\/a>\n\t\t\t\t\t\t\t\t\t\t\t\t\t\t\t<\/div>\n\t\t\t\t<\/div>\n\t\t\t\t<div class=\"elementor-element elementor-element-16d5e7ae elementor-widget elementor-widget-heading\" data-id=\"16d5e7ae\" data-element_type=\"widget\" data-widget_type=\"heading.default\">\n\t\t\t\t<div class=\"elementor-widget-container\">\n\t\t\t\t\t<h2 class=\"elementor-heading-title elementor-size-default\"><a href=\"https:\/\/eadbentoquirino.com.br\/ead\/produto\/rematricula-3o-modulo-farmacia\/\"><strong> 3\u00ba m\u00f3dulo Farm\u00e1cia<\/strong><\/a><\/h2>\t\t\t\t<\/div>\n\t\t\t\t<\/div>\n\t\t\t\t\t<\/div>\n\t\t<\/div>\n\t\t\t\t<div class=\"elementor-column elementor-col-50 elementor-top-column elementor-element elementor-element-440d918b\" data-id=\"440d918b\" data-element_type=\"column\">\n\t\t\t<div class=\"elementor-widget-wrap elementor-element-populated\">\n\t\t\t\t\t\t<div class=\"elementor-element elementor-element-2fcda13a elementor-widget elementor-widget-image\" data-id=\"2fcda13a\" data-element_type=\"widget\" data-widget_type=\"image.default\">\n\t\t\t\t<div class=\"elementor-widget-container\">\n\t\t\t\t\t\t\t\t\t\t\t\t\t\t\t\t<a href=\"https:\/\/eadbentoquirino.com.br\/ead\/produto\/rematricula-3o-modulo-mecatronica\/\">\n\t\t\t\t\t\t\t<img loading=\"lazy\" decoding=\"async\" width=\"300\" height=\"300\" src=\"https:\/\/eadbentoquirino.com.br\/ead\/wp-content\/uploads\/2023\/04\/Mecatronica-300x300.png\" class=\"attachment-medium size-medium wp-image-28638\" alt=\"\" srcset=\"https:\/\/eadbentoquirino.com.br\/ead\/wp-content\/uploads\/2023\/04\/Mecatronica-300x300.png 300w, https:\/\/eadbentoquirino.com.br\/ead\/wp-content\/uploads\/2023\/04\/Mecatronica-1024x1024.png 1024w, https:\/\/eadbentoquirino.com.br\/ead\/wp-content\/uploads\/2023\/04\/Mecatronica-150x150.png 150w, https:\/\/eadbentoquirino.com.br\/ead\/wp-content\/uploads\/2023\/04\/Mecatronica-768x768.png 768w, https:\/\/eadbentoquirino.com.br\/ead\/wp-content\/uploads\/2023\/04\/Mecatronica-600x600.png 600w, https:\/\/eadbentoquirino.com.br\/ead\/wp-content\/uploads\/2023\/04\/Mecatronica-100x100.png 100w, https:\/\/eadbentoquirino.com.br\/ead\/wp-content\/uploads\/2023\/04\/Mecatronica.png 1080w\" sizes=\"(max-width: 300px) 100vw, 300px\" \/>\t\t\t\t\t\t\t\t<\/a>\n\t\t\t\t\t\t\t\t\t\t\t\t\t\t\t<\/div>\n\t\t\t\t<\/div>\n\t\t\t\t<div class=\"elementor-element elementor-element-51129bdc elementor-widget elementor-widget-heading\" data-id=\"51129bdc\" data-element_type=\"widget\" data-widget_type=\"heading.default\">\n\t\t\t\t<div class=\"elementor-widget-container\">\n\t\t\t\t\t<h2 class=\"elementor-heading-title elementor-size-default\"><a href=\"https:\/\/eadbentoquirino.com.br\/ead\/produto\/rematricula-3o-modulo-mecatronica\/\"><strong>3\u00ba m\u00f3dulo Mecatr\u00f4nica <\/strong><\/a><\/h2>\t\t\t\t<\/div>\n\t\t\t\t<\/div>\n\t\t\t\t\t<\/div>\n\t\t<\/div>\n\t\t\t\t\t<\/div>\n\t\t<\/section>\n\t\t\t\t<section class=\"elementor-section elementor-top-section elementor-element elementor-element-1a0e0368 elementor-section-stretched elementor-section-boxed elementor-section-height-default elementor-section-height-default\" data-id=\"1a0e0368\" data-element_type=\"section\" data-settings=\"{&quot;stretch_section&quot;:&quot;section-stretched&quot;,&quot;background_background&quot;:&quot;classic&quot;}\">\n\t\t\t\t\t\t<div class=\"elementor-container elementor-column-gap-default\">\n\t\t\t\t\t<div class=\"elementor-column elementor-col-100 elementor-top-column elementor-element elementor-element-1df2f1f3\" data-id=\"1df2f1f3\" data-element_type=\"column\">\n\t\t\t<div class=\"elementor-widget-wrap elementor-element-populated\">\n\t\t\t\t\t\t<div class=\"elementor-element elementor-element-7f9ef0da elementor-widget elementor-widget-heading\" data-id=\"7f9ef0da\" data-element_type=\"widget\" data-widget_type=\"heading.default\">\n\t\t\t\t<div class=\"elementor-widget-container\">\n\t\t\t\t\t<h2 class=\"elementor-heading-title elementor-size-default\"><a href=\"https:\/\/www.youtube.com\/watch?v=0UXq9AutAPo&#038;feature=youtu.be\"><strong>V\u00cdDEO TUTORIAL REMATR\u00cdCULA ON-LINE <\/strong><\/a><\/h2>\t\t\t\t<\/div>\n\t\t\t\t<\/div>\n\t\t\t\t<div class=\"elementor-element elementor-element-5b7d08ab elementor-widget elementor-widget-video\" data-id=\"5b7d08ab\" data-element_type=\"widget\" data-settings=\"{&quot;youtube_url&quot;:&quot;https:\\\/\\\/youtu.be\\\/JaBRA5pU65s&quot;,&quot;video_type&quot;:&quot;youtube&quot;,&quot;controls&quot;:&quot;yes&quot;}\" data-widget_type=\"video.default\">\n\t\t\t\t<div class=\"elementor-widget-container\">\n\t\t\t\t\t\t\t<div class=\"elementor-wrapper elementor-open-inline\">\n\t\t\t<div class=\"elementor-video\"><\/div>\t\t<\/div>\n\t\t\t\t\t\t<\/div>\n\t\t\t\t<\/div>\n\t\t\t\t\t<\/div>\n\t\t<\/div>\n\t\t\t\t\t<\/div>\n\t\t<\/section>\n\t\t\t\t<\/div>\n\t\t","protected":false},"excerpt":{"rendered":"<p>rematr\u00edculaS 100% on-line REMATR\u00edcula p\u00f3s m\u00e9dio 3\u00ba m\u00f3dulo 3\u00ba m\u00f3dulo&hellip;<\/p>\n<p> <a class=\"more-link\" href=\"https:\/\/eadbentoquirino.com.br\/ead\/rematricula-pos-medio-3-modulo\/\">Leia mais<\/a><\/p>\n","protected":false},"author":1,"featured_media":0,"parent":0,"menu_order":0,"comment_status":"closed","ping_status":"closed","template":"","meta":{"footnotes":""},"class_list":["post-18696","page","type-page","status-publish"],"jetpack_sharing_enabled":true,"_links":{"self":[{"href":"https:\/\/eadbentoquirino.com.br\/ead\/wp-json\/wp\/v2\/pages\/18696","targetHints":{"allow":["GET"]}}],"collection":[{"href":"https:\/\/eadbentoquirino.com.br\/ead\/wp-json\/wp\/v2\/pages"}],"about":[{"href":"https:\/\/eadbentoquirino.com.br\/ead\/wp-json\/wp\/v2\/types\/page"}],"author":[{"embeddable":true,"href":"https:\/\/eadbentoquirino.com.br\/ead\/wp-json\/wp\/v2\/users\/1"}],"replies":[{"embeddable":true,"href":"https:\/\/eadbentoquirino.com.br\/ead\/wp-json\/wp\/v2\/comments?post=18696"}],"version-history":[{"count":13,"href":"https:\/\/eadbentoquirino.com.br\/ead\/wp-json\/wp\/v2\/pages\/18696\/revisions"}],"predecessor-version":[{"id":33271,"href":"https:\/\/eadbentoquirino.com.br\/ead\/wp-json\/wp\/v2\/pages\/18696\/revisions\/33271"}],"wp:attachment":[{"href":"https:\/\/eadbentoquirino.com.br\/ead\/wp-json\/wp\/v2\/media?parent=18696"}],"curies":[{"name":"wp","href":"https:\/\/api.w.org\/{rel}","templated":true}]}}