{"id":11559,"date":"2020-05-24T12:47:50","date_gmt":"2020-05-24T12:47:50","guid":{"rendered":"https:\/\/eadbentoquirino.com.br\/ead\/?page_id=11559"},"modified":"2020-10-09T02:47:02","modified_gmt":"2020-10-09T02:47:02","slug":"institucional","status":"publish","type":"page","link":"https:\/\/eadbentoquirino.com.br\/ead\/institucional\/","title":{"rendered":"Institucional"},"content":{"rendered":"\t\t<div data-elementor-type=\"wp-page\" data-elementor-id=\"11559\" class=\"elementor elementor-11559\" data-elementor-post-type=\"page\">\n\t\t\t\t\t\t<section class=\"elementor-section elementor-top-section elementor-element elementor-element-9e53473 elementor-section-boxed elementor-section-height-default elementor-section-height-default\" data-id=\"9e53473\" data-element_type=\"section\" data-settings=\"{&quot;background_background&quot;:&quot;classic&quot;}\">\n\t\t\t\t\t\t<div class=\"elementor-container elementor-column-gap-default\">\n\t\t\t\t\t<div class=\"elementor-column elementor-col-66 elementor-top-column elementor-element elementor-element-6e5effa\" data-id=\"6e5effa\" data-element_type=\"column\">\n\t\t\t<div class=\"elementor-widget-wrap elementor-element-populated\">\n\t\t\t\t\t\t<div class=\"elementor-element elementor-element-61a2f7b elementor-widget elementor-widget-text-editor\" data-id=\"61a2f7b\" data-element_type=\"widget\" data-widget_type=\"text-editor.default\">\n\t\t\t\t<div class=\"elementor-widget-container\">\n\t\t\t\t\t\t\t\t\t<p>Vamos conhecer um pouco do Col\u00e9gio Polit\u00e9cnico Bento Quirino.<br \/><br \/>Com exist\u00eancia e tradi\u00e7\u00e3o de mais de 100 anos de qualidade na presta\u00e7\u00e3o de servi\u00e7os educacionais, o Col\u00e9gio T\u00e9cnico Bento Quirino, conhecido como Bento Quirino, foi o primeiro col\u00e9gio t\u00e9cnico profissionalizante de Campinas e o terceiro do Brasil.<br \/><br \/>Contamos com aproximadamente 2.600 alunos distribu\u00eddos nas nossas tr\u00eas unidades localizadas no munic\u00edpio de Campinas, onde funcionam: ensino m\u00e9dio, 20 cursos t\u00e9cnicos profissionalizantes em diversas \u00e1reas e dois cursos de especializa\u00e7\u00e3o de n\u00edvel m\u00e9dio.<br \/><br \/>Oferecemos cursos t\u00e9cnicos profissionalizantes para candidatos que conclu\u00edram o ensino fundamental (8a s\u00e9rie ou 9o ano), que ir\u00e3o cursar o curso t\u00e9cnico concomitantemente &#8211; ao mesmo tempo &#8211; com o ensino m\u00e9dio, cuja dura\u00e7\u00e3o ser\u00e1 de tr\u00eas anos. J\u00e1 os candidatos que j\u00e1 conclu\u00edram o ensino m\u00e9dio cursar\u00e3o apenas o curso t\u00e9cnico, com dura\u00e7\u00e3o de um ano ou de um ano e seis meses, dependendo da carga hor\u00e1ria do curso pretendido.<br \/><br \/>Oferecemos cursos t\u00e9cnicos em Administra\u00e7\u00e3o, An\u00e1lises Cl\u00ednicas, Automa\u00e7\u00e3o Industrial, Design e Projeto de Games, Edifica\u00e7\u00f5es, Eletr\u00f4nica, Enfermagem, Estilismo e Moda, Farm\u00e1cia, Gastronomia, Inform\u00e1tica, Log\u00edstica, Mecatr\u00f4nica, Nutri\u00e7\u00e3o e Diet\u00e9tica, Publicidade e Propaganda, Qu\u00edmica, Radiologia M\u00e9dica, Seguran\u00e7a do Trabalho, Turismo e Web Design.<br \/><br \/>Contamos tamb\u00e9m com os cursos de especializa\u00e7\u00e3o de n\u00edvel m\u00e9dio em: Especializa\u00e7\u00e3o em Meio Ambiente e Especializa\u00e7\u00e3o em Enfermagem do Trabalho.<br \/><br \/>Nosso col\u00e9gio est\u00e1 adaptado \u00e0s novas exig\u00eancias legais\u201d, sem onerar valores na anuidade. Isso ajuda os estudantes a conseguirem concluir seus cursos e a obter dois diplomas legais: o do ensino m\u00e9dio, que os habilita a prosseguir nos estudos no ensino superior, e outro na educa\u00e7\u00e3o profissional t\u00e9cnica, que os habilita ao exerc\u00edcio profissional da \u00e1rea escolhida, com a qualidade de servi\u00e7o ISO 9001:2008.<br \/><br \/>\u00c9 desta maneira que mantemos nossa tradi\u00e7\u00e3o de mais de 100 anos de pioneirismo e bons servi\u00e7os prestados \u00e0 comunidade.<br \/><br \/>MAIS DE 100 ANOS DE TRADI\u00c7\u00c3O E QUALIDADE. CERTIFICA\u00c7\u00c3O ISO 9001:2008 EM TODOS OS CURSOS T\u00c9CNICOS E NAS ESPECIALIZA\u00c7\u00d5ES.<\/p>\t\t\t\t\t\t\t\t<\/div>\n\t\t\t\t<\/div>\n\t\t\t\t\t<\/div>\n\t\t<\/div>\n\t\t\t\t<div class=\"elementor-column elementor-col-33 elementor-top-column elementor-element elementor-element-3742398\" data-id=\"3742398\" data-element_type=\"column\">\n\t\t\t<div class=\"elementor-widget-wrap elementor-element-populated\">\n\t\t\t\t\t\t<div class=\"elementor-element elementor-element-234d76f elementor-widget elementor-widget-image\" data-id=\"234d76f\" data-element_type=\"widget\" data-widget_type=\"image.default\">\n\t\t\t\t<div class=\"elementor-widget-container\">\n\t\t\t\t\t\t\t\t\t\t\t\t\t\t\t<img fetchpriority=\"high\" decoding=\"async\" width=\"380\" height=\"500\" src=\"https:\/\/eadbentoquirino.com.br\/ead\/wp-content\/uploads\/2020\/05\/banner-380x500-cursos-EAD.png\" class=\"attachment-large size-large wp-image-11623\" alt=\"\" srcset=\"https:\/\/eadbentoquirino.com.br\/ead\/wp-content\/uploads\/2020\/05\/banner-380x500-cursos-EAD.png 380w, https:\/\/eadbentoquirino.com.br\/ead\/wp-content\/uploads\/2020\/05\/banner-380x500-cursos-EAD-228x300.png 228w\" sizes=\"(max-width: 380px) 100vw, 380px\" \/>\t\t\t\t\t\t\t\t\t\t\t\t\t\t\t<\/div>\n\t\t\t\t<\/div>\n\t\t\t\t\t<\/div>\n\t\t<\/div>\n\t\t\t\t\t<\/div>\n\t\t<\/section>\n\t\t\t\t<\/div>\n\t\t","protected":false},"excerpt":{"rendered":"<p>Vamos conhecer um pouco do Col\u00e9gio Polit\u00e9cnico Bento Quirino. Com&hellip;<\/p>\n<p> <a class=\"more-link\" href=\"https:\/\/eadbentoquirino.com.br\/ead\/institucional\/\">Leia mais<\/a><\/p>\n","protected":false},"author":1,"featured_media":0,"parent":0,"menu_order":0,"comment_status":"closed","ping_status":"closed","template":"","meta":{"footnotes":""},"class_list":["post-11559","page","type-page","status-publish"],"jetpack_sharing_enabled":true,"_links":{"self":[{"href":"https:\/\/eadbentoquirino.com.br\/ead\/wp-json\/wp\/v2\/pages\/11559","targetHints":{"allow":["GET"]}}],"collection":[{"href":"https:\/\/eadbentoquirino.com.br\/ead\/wp-json\/wp\/v2\/pages"}],"about":[{"href":"https:\/\/eadbentoquirino.com.br\/ead\/wp-json\/wp\/v2\/types\/page"}],"author":[{"embeddable":true,"href":"https:\/\/eadbentoquirino.com.br\/ead\/wp-json\/wp\/v2\/users\/1"}],"replies":[{"embeddable":true,"href":"https:\/\/eadbentoquirino.com.br\/ead\/wp-json\/wp\/v2\/comments?post=11559"}],"version-history":[{"count":5,"href":"https:\/\/eadbentoquirino.com.br\/ead\/wp-json\/wp\/v2\/pages\/11559\/revisions"}],"predecessor-version":[{"id":13064,"href":"https:\/\/eadbentoquirino.com.br\/ead\/wp-json\/wp\/v2\/pages\/11559\/revisions\/13064"}],"wp:attachment":[{"href":"https:\/\/eadbentoquirino.com.br\/ead\/wp-json\/wp\/v2\/media?parent=11559"}],"curies":[{"name":"wp","href":"https:\/\/api.w.org\/{rel}","templated":true}]}}